.
8
Suppose -f - 10 = 4*y - 304, 297 = f + y. Calculate the remainder when f is divided by 18.
10
Calculate the remainder when 597 is divided by 2*10/4 - (10 - 15).
7
Let l(f) = -f**3 + 8*f**2 - 8*f + 1. Let w be l(7). Let x(r) = -4*r + 6. Let a = -32 + 48. Calculate the remainder when x(w) is divided by a.
14
Let r(g) = -g**3 - 4*g**2 - g - 1. Let a = -9 + 5. Calculate the remainder when r(a) is divided by 2.
1
Suppose -14*f = 3*f + 34. Calculate the remainder when 34 is divided by (-20)/(-15)*(-15)/f.
4
Suppose -20754 = 33*n - 74544. Calculate the remainder when n is divided by 48.
46
Let z = 0 - -5. Let y be (z/4)/(11/(-308)). Let i = y - -57. Calculate the remainder when 85 is divided by i.
19
Let h be (-24)/16*128/(-6). Suppose 3*g = g + h. Calculate the remainder when 30 is divided by g.
14
Suppose 0 = -111*m - 9505 + 72331. Calculate the remainder when m is divided by 71.
69
Let o be (14 + -28)*1/(-1). What is the remainder when 105 is divided by (o - (-4 - 0))*2?
33
Let x be (-2 - (-5 - -5))*7/(-2). Suppose 0 = -x*w + 899 + 816. What is the remainder when w is divided by 31?
28
Let w be 5/(-10) - 1/(-2). Suppose w = 2*s - 8*s + 102. What is the remainder when 64 is divided by s?
13
Let g(h) = 15*h**2 - 2*h. Let u(d) = -45*d**2 + 6*d. Let y(w) = -11*g(w) - 4*u(w). What is the remainder when y(1) is divided by 6?
1
Let u be 4 - (0 + -4 + 4). Let j be 287/91 + u/(-26). Calculate the remainder when j/((-6)/(-14)) - 4 is divided by 3.
0
Suppose a - 24 = 4. Suppose i - a = -2. Calculate the remainder when i is divided by 9.
8
Suppose 156*m - 2024 = 133*m. Calculate the remainder when 788 is divided by m.
84
Suppose 44 = 3*b - 4*p - 74, 3*p = -3*b + 132. Suppose 0 = 3*m - m - 24. What is the remainder when b is divided by m?
6
Suppose 1 = -2*r + 5. Suppose -50 + 8 = -5*z - d, -5*d = r*z - 26. Let y(x) = x**2 + x + 1. Calculate the remainder when y(3) is divided by z.
5
Let r be 2/9 - 336/54. Let c(y) = y**2 + 6*y + 5. What is the remainder when c(r) is divided by 5?
0
Let r = -157 + 179. Calculate the remainder when 39 is divided by r.
17
Suppose -7 = 2*j - 17. Suppose 0 = -j*d + 4 + 6. Suppose 2*o - 68 = -d*o. Calculate the remainder when 48 is divided by o.
14
Let m = -39 + 54. What is the remainder when m is divided by 11?
4
Suppose -4*n + 80 = q - 13, 2*q - 196 = 2*n. Calculate the remainder when 775 is divided by q.
96
What is the remainder when (-6)/(-4)*(0 + 2032/24) is divided by 11?
6
Suppose 242 = -4*t + 306. What is the remainder when 55 is divided by t?
7
Let c = -28 - -84. What is the remainder when 274 is divided by c?
50
Suppose 4*w = -x + 20, 3*x - w - 35 = 25. Let m(h) = h**3 + 4*h**2 - 3*h - 6. Let l be -3 - (2 + (-8 + 4)/4). Calculate the remainder when x is divided by m(l).
2
Let d = -48 - -47. Suppose 5*v - 4 = 96. What is the remainder when d/(-2)*1254/11 is divided by v?
17
Suppose -8046 = 166*x - 193*x. Calculate the remainder when x is divided by 13.
12
Let o(p) = 4*p**2 + 4*p + 5. Let l(w) = -4*w - 6. Calculate the remainder when o(-3) is divided by l(-6).
11
Suppose 5*n + 0*f + 3*f = 55, -n = -4*f - 11. What is the remainder when n is divided by ((-16)/(-8))/(4/14)?
4
Suppose 0 = -4*a - 19 + 131. Suppose 0 = 3*p - a - 2. Calculate the remainder when 28 is divided by p.
8
Let k(q) = 2*q**3 - 4*q - 3. Let h be ((-2)/4)/(3/(-12)). Calculate the remainder when 23 is divided by k(h).
3
Suppose 4*y = -4*c + 32, -2*y = c - 3 - 11. Suppose n - 55 = -4*n. Calculate the remainder when n is divided by y.
5
Suppose -2 - 23 = 5*o. Let b be o*2*(-4 + 1). Suppose 0 = 4*m + 5*y - 31, 5*y + 80 = 5*m + b. What is the remainder when m is divided by 4?
1
Let l be 394/(-26) + (-6)/(-39). Let m(z) = -3*z - 24. What is the remainder when m(l) is divided by 8?
5
Let m(l) = 16*l + 2*l**2 + 0 + 0 + 11. Let g be m(-8). Suppose q - 12 = g. Calculate the remainder when 45 is divided by q.
22
Suppose 0 = -5*l + 2*i + 130, i + 3*i - 52 = -3*l. Suppose -2*a + 10 + l = 0. What is the remainder when 46 is divided by a?
12
Suppose -4*q + 274 = 2*m, -m - 268 = -4*q - 5*m. Let o(v) = 2*v + 26. Let w be o(10). Let s = q - w. What is the remainder when s is divided by 13?
11
Let x(q) = -q**2 + 6*q + 5. Let m be x(6). Suppose 2*k - 12 = -2*a + 12, -28 = -3*k + m*a. Calculate the remainder when 6/(117/(-42) - -3) is divided by k.
6
Suppose -3*d + 48 = d. Let b = 690 - 687. What is the remainder when d is divided by b?
0
Suppose 0 = -17*c + 22*c - 100. Calculate the remainder when c is divided by 19.
1
Let p(s) = s**3 + 14*s**2 + 27*s + 14. Let n be p(-12). Let m = 25 + n. Calculate the remainder when 14 is divided by m.
2
Let m = -832 - -1324. Calculate the remainder when m is divided by 19.
17
Let l(m) = -m**3 + 8*m**2 + 8*m + 10. Let n = 9 + -15. Let r = n + 15. What is the remainder when l(r) is divided by 1?
0
Let i = -38 - -22. Let g = i - -42. What is the remainder when g is divided by 7?
5
Let v = 83 - -52. What is the remainder when v is divided by 23?
20
Suppose y - 7*y = -84. Let l = 97 + 27. What is the remainder when l is divided by y?
12
Let g(z) = -11*z**2 + 5*z + 2 + 7*z + 9*z + z**3 - 5. What is the remainder when 165 is divided by g(9)?
21
Let u = -215 - -322. Let r(h) = -h**3 - 7*h**2 - 8*h - 6. Let p be r(-6). Suppose -p*s = -s + o - u, -o = -2. Calculate the remainder when s is divided by 6.
3
Suppose 29 + 103 = 2*b. What is the remainder when 261 is divided by b?
63
Suppose -4*r + 11 + 264 = 5*g, g = 3. Let j(l) = l**2 - 3*l - 1. What is the remainder when r is divided by j(-3)?
14
What is the remainder when 303 is divided by -47 - -49 - 96*-1?
9
Suppose 15*l + 14 = 149. Calculate the remainder when 31 is divided by l.
4
Suppose 0 = -2*v + 962 - 946. Let l = -53 + 92. Suppose -2*b + 5*b - l = 0. Calculate the remainder when b is divided by v.
5
Suppose -3*c + 100 = 17*c. Calculate the remainder when -7*(3 + -4) + 0 is divided by c.
2
Suppose 10 = 8*r - 3*r. Suppose -23*y = 13*y - 288. Calculate the remainder when y is divided by r.
0
Let b = -9 - 13. Let n = b + 39. Suppose 0 = 3*o + 2*j - 144, -8*j - 106 = -2*o - 6*j. What is the remainder when o is divided by n?
16
Suppose 9*q = 1308 - 75. What is the remainder when q is divided by 28?
25
Let d be -3 - (-3 - (-1 - -53)). Let b = d - 76. What is the remainder when 60 is divided by 388/24 - (-4)/b?
12
Suppose -139 - 281 = -14*t. Calculate the remainder when 140 is divided by t.
20
Suppose l - 7 = 2*l. Let k(s) = s**3 + 8*s**2 + 6*s + 9. Let f = -48 - -143. What is the remainder when f is divided by k(l)?
15
Suppose -8*d = -3*d - 25. Let o(m) = 4*m + 3 + 2 - 4 + m**2 + 3. What is the remainder when o(d) is divided by 17?
15
Let y be ((-3)/(-1))/(15/630). Let c = y - 13. Let z = c - 67. What is the remainder when z is divided by 16?
14
Suppose 0 = 17*t - 16*t + 135. Let b = -37 - t. What is the remainder when b is divided by 25?
23
Suppose 3199 = 67*b - 5712. Calculate the remainder when b is divided by 31.
9
Let m be (-36)/(-15) + (-15)/(-25). Suppose 15 = i + m. What is the remainder when 3/2 - 441/(-14) is divided by i?
9
Suppose 2*s = -2*s + 468. Suppose 0 = -2*l - 11 + 91. What is the remainder when s is divided by l?
37
Suppose 0 = n - 2*l - 16, -2*n + 52 = 3*n - 3*l. What is the remainder when 183 is divided by n?
7
Let f = 10 - 10. Let t(u) = -u**2 - u + 18. Let r be t(f). Calculate the remainder when 39 is divided by r - (4/(-1) - -1).
18
Suppose -224 = -10*c + 3*c. Suppose x - 7 = 4. Calculate the remainder when c is divided by x.
10
Let x(h) = h**2 - 46*h + 469. What is the remainder when 666 is divided by x(32)?
15
Let y = 278 + -110. Let q = -153 + y. Calculate the remainder when 402 is divided by q.
12
Let y be (-1)/((0 - -1)/(-2)). Suppose -y*d + 13 + 3 = 0. Calculate the remainder when d is divided by 2 + -5 + 2*4.
3
Let i(h) = -158*h + 807. Calculate the remainder when 49 is divided by i(5).
15
Let o = 116 - 95. Let i(w) = 83*w**2 - w + 1. What is the remainder when i(1) is divided by o?
20
What is the remainder when (-1 + 57/2)*(-189 - -197) is divided by 13?
12
Let q(a) = a**2 + a + 47. Let y(t) = 4*t + 2. Let m be y(-3). Calculate the remainder when q(0) is divided by (10/25 + 174/m)/(-1).
13
Suppose -3*o + 14*t - 15*t + 2398 = 0, -4*t - 2378 = -3*o. Calculate th